ase 2
11100110
258 (base 11) to base 9
368
Convert -100001221 (base 3) to base 11.
-4a72
What is -117 (base 9) in base 8?
-141
What is -13310 (base 6) in base 13?
-c24
What is -110d (base 15) in base 13?
-184c
What is -221111100 (base 3) in base 6?
-222013
Convert 2014 (base 6) to base 8.
672
16730 (base 8) to base 6
55212
4726 (base 14) to base 9
17877
What is 212210 (base 3) in base 12?
456
-133223 (base 6) to base 11
-9352
314 (base 7) to base 8
236
-3799 (base 10) to base 8
-7327
Convert -333211 (base 4) to base 5.
-112234
What is -12133 (base 6) in base 5?
-24120
What is -3122 (base 6) in base 13?
-419
Convert 11984 (base 15) to base 4.
31231111
14691 (base 12) to base 13
10048
716 (base 12) to base 3
1102000
Convert -11370 (base 11) to base 9.
-24455
Convert 2144 (base 6) to base 14.
276
-553 (base 7) to base 12
-1b7
1845 (base 11) to base 15
a68
What is 303121 (base 4) in base 10?
3289
What is 225 (base 16) in base 3?
202100
1000010010 (base 2) to base 12
382
What is -92b7 (base 15) in base 4?
-13210111
Convert f34 (base 16) to base 8.
7464
Convert -848 (base 10) to base 15.
-3b8
Convert -110120111 (base 3) to base 13.
-4231
Convert 35 (base 6) to base 13.
1a
What is 11b0 (base 13) in base 9?
3387
What is -2112010 (base 3) in base 11?
-1422
4433 (base 14) to base 4
2320131
32352 (base 7) to base 12
4809
Convert -36155 (base 7) to base 3.
-110211022
2020 (base 4) to base 2
10001000
What is 53d (base 14) in base 13?
618
-268 (base 11) to base 5
-2231
What is -12577 (base 9) in base 7?
-33523
Convert 113f (base 16) to base 12.
267b
-9b19 (base 15) to base 2
-1000000001101010
Convert 805 (base 9) to base 13.
3b3
-2377c (base 13) to base 16
-fde7
Convert -13a4 (base 11) to base 7.
-5162
What is -10011000101010 (base 2) in base 12?
-57a2
Convert 3a71 (base 13) to base 3.
102111010
What is -214441 (base 6) in base 13?
-81a6
Convert -3f8 (base 16) to base 9.
-1348
Convert 1331 (base 4) to base 15.
85
Convert 3aa5 (base 14) to base 2.
10100001100001
What is -30002 (base 6) in base 13?
-1a03
What is 29aa (base 14) in base 11?
561a
What is -1305 (base 6) in base 8?
-511
Convert -1474 (base 12) to base 3.
-10021121
Convert -2832 (base 10) to base 13.
-139b
What is -4749 (base 10) in base 14?
-1a33
Convert 246 (base 9) to base 14.
108
Convert -931 (base 12) to base 7.
-3613
-13 (base 14) to base 15
-12
770 (base 8) to base 3
200200
11011011110 (base 2) to base 8
3336
Convert 12001 (base 4) to base 13.
238
What is -2220 (base 10) in base 5?
-32340
Convert -1011111011010 (base 2) to base 15.
-1c21
What is 2e2 (base 15) in base 4?
22112
-61561 (base 8) to base 5
-1303312
113777 (base 9) to base 11
47463
-802 (base 12) to base 3
-1120202
What is 1455 (base 8) in base 3?
1010010
What is -26105 (base 7) in base 6?
-52002
-1210210 (base 3) to base 5
-20232
7836 (base 9) to base 4
1122120
Convert -10ca (base 13) to base 12.
-144b
Convert -50 (base 11) to base 14.
-3d
-23b79 (base 13) to base 15
-146d2
What is -812 (base 9) in base 11?
-54a
-1c8 (base 13) to base 16
-14d
Convert 13001 (base 4) to base 16.
1c1
What is 5469 (base 13) in base 5?
333443
Convert -4504 (base 6) to base 13.
-628
141 (base 11) to base 16
a6
236326 (base 7) to base 2
1010100000100010
Convert 40215 (base 6) to base 15.
1862
What is 9730 (base 13) in base 15?
634a
Convert -5050 (base 6) to base 16.
-456
2528 (base 10) to base 14
cc8
-11a9 (base 16) to base 3
-20012110
Convert 12215 (base 6) to base 5.
24221
Convert -1861 (base 12) to base 10.
-2953
What is 10101 (base 2) in base 12?
19
Convert -626 (base 9) to base 5.
-4020
Convert -a80 (base 11) to base 10.
-1298
What is -14310 (base 7) in base 9?
-5343
Convert -867 (base 10) to base 11.
-719
Convert -30101023 (base 4) to base 15.
-ed51
-7168 (base 14) to base 2
-100110000101000
9032 (base 10) to base 14
3412
What is -24994 (base 10) in base 15?
-7614
Convert -122033 (base 4) to base 13.
-9c2
What is -426b (base 12) in base 5?
-213113
Convert -1136 (base 7) to base 11.
-351
What is 33 (base 11) in base 15?
26
Convert -2201102 (base 3) to base 11.
-1542
-101312 (base 7) to base 5
-1023211
4274 (base 8) to base 16
8bc
356 (base 9) to base 4
10212
cdd1 (base 16) to base 13
1aca0
Convert -10011101000 (base 2) to base 4.
-103220
What is 14140 (base 6) in base 16?
8ac
Convert 114 (base 10) to base 16.
72
1100 (base 7) to base 5
3032
-30992 (base 10) to base 8
-74420
2078 (base 12) to base 10
3548
-50fb (base 16) to base 13
-9589
What is -100411 (base 8) in base 9?
-50273
-14665 (base 8) to base 11
-4a43
What is -16d (base 14) in base 4?
-10211
Convert 224032 (base 5) to base 2.
1111101010001
-1101011010 (base 2) to base 5
-11413
What is -11330 (base 4) in base 10?
-380
Convert -6a8 (base 15) to base 11.
-1151
What is 4124 (base 7) in base 9?
1868
Convert 800 (base 12) to base 6.
5200
What is -4832 (base 9) in base 13?
-1835
What is -101133 (base 5) in base 14?
-12b3
18635 (base 11) to base 7
135646
Convert 6647 (base 10) to base 8.
14767
What is 437 (base 12) in base 11?
513
What is -1c29 (base 16) in base 7?
-30006
-63820 (base 9) to base 2
-1010010011101011
What is 1940 (base 15) in base 2?
1010101010100
What is 161 (base 12) in base 8?
331
What is 2505 (base 6) in base 12?
435
What is 18478 (base 10) in base 11?
12979
What is -72 (base 15) in base 8?
-153
Convert 35226 (base 8) to base 7.
61504
What is 101101011000 (base 2) in base 16?
b58
Convert 41 (base 7) to base 16.
1d
1365 (base 7) to base 14
2a5
Convert -33553 (base 6) to base 7.
-16563
Convert 154 (base 14) to base 9.
330
Convert 11100000101101 (base 2) to base 6.
150325
What is 21031 (base 4) in base 14?
301
What is -2d9e (base 15) in base 10?
-9824
-1010111101100010 (base 2) to base 11
-30807
What is 11202002 (base 3) in base 12?
2002
What is -2320 (base 9) in base 7?
-5004
What is -44142 (base 5) in base 13?
-1505
333110 (base 4) to base 6
30432
-43db (base 14) to base 15
-373c
31006 (base 7) to base 11
5746
-208 (base 11) to base 15
-11a
Convert -4402 (base 7) to base 10.
-1570
Convert 1aa2 (base 12) to base 10.
3290
Convert 10002 (base 6) to base 5.
20143
-3260 (base 9) to base 12
-1483
What is 2477 (base 11) in base 8?
6236
-304 (base 16) to base 11
-642
-591 (base 15) to base 12
-891
What is 23751 (base 8) in base 2?
10011111101001
What is -525 (base 7) in base 14?
-14c
Convert ee5 (base 15) to base 10.
3365
26320 (base 9) to base 2
100010101011101
What is 1112114 (base 5) in base 7?
111213
e (base 16) to base 15
e
What is -2a86 (base 12) in base 16?
-1386
Convert 21398 (base 11) to base 15.
9323
What is -55849 (base 10) in base 4?
-31220221
Convert -63660 (base 8) to base 13.
-c10b
-1230 (base 8) to base 12
-474
Convert 343 (base 12) to base 10.
483
Convert -1353 (base 8) to base 7.
-2115
Convert -303 (base 7) to base 3.
-12120
What is -23440 (base 5) in base 13?
-a43
What is 2625 (base 15) in base 13?
391a
What is 1e9 (base 15) in base 13?
282
96 (base 15) to base 10
141
-10011011111 (base 2) to base 8
-2337
Convert 6606 (base 7) to base 16.
936
What is 286 (base 14) in base 2?
111111110
Convert -21b59 (base 12) to base 14.
-124bb
What is -11225 (base 7) in base 6?
-21125
b5a0 (base 12) to base 14
733a
33d (base 16) to base 12
591
Convert 1450 (base 7) to base 16.
23e
6744 (base 14) to base 11
1249a
What is ee (base 16) in base 4?
3232
Convert 1613 (base 10) to base 11.
1237
Convert 3625 (base 11) to base 6.
33550
-105424 (base 7) to base 16
-4930
20003 (base 5) to base 3
1201102
2dc (base 14) to base 9
721
-288 (base 12) to base 3
-112112
-a1a7 (base 11) to base 13
-6222
-ca13 (base 15) to base 2
-1010011100010000
347 (base 16) to base 8
1507
-7442 (base 8) to base 14
-15aa
Convert 51235 (base 7) to base 15.
3a67
25244 (base 8) to base 5
322131
24931 (base 11) to base 10
35729
What is 19666 (base 10) in base 9?
28871
Convert -10001000011 (base 2) to base 4.
-101003
300 (base 9) to base 7
465
What is 4309 (base 12) in base 15?
22a3
What is 101011010000001 (base 2) in base 15?
6865
-11389 (base 10) to base 2
-10110001111101
-21101 (base 3) to base 7
-403
Convert 1206 (base 14) to base 7.
12106
What is -4706 (base 9) in base 10?
-3489
What is 11061 (base 8) in base 5?
122112
4432 (base 6) to base 13
611
444 (base 11) to base 16
214
-8561 (base 10) to base 12
-4b55
-28